 is the thousands digit of l(4)?
2
Let x = -12950 + 18422. Suppose -5*r + 2175 = 2*b, r + 0*r - x = -5*b. What is the thousands digit of b?
1
Suppose 0 - 2 = -2*o. Suppose r = -2*g - o + 6, r - 2*g = 13. What is the units digit of (3 + r)*(-6)/(48/(-20))?
0
Suppose -13203 = -28*y + 194585. What is the hundreds digit of y?
4
Suppose 5*i = 4*n - 3132 + 27147, i - 4803 = -5*n. Suppose i = -57*u + 43677. What is the hundreds digit of u?
6
Let c(p) = -2*p**3 + 15*p**2 - 4*p - 16. Let q be c(7). Suppose -2*g = -5*g - 15, -295 = 4*v - q*g. Let z = -59 - v. What is the units digit of z?
1
Let b(i) = i**2 + 23*i - 2565. What is the thousands digit of b(64)?
3
Suppose -c = -2*l - 8, -3*c - 1 = 4*l + 5. Suppose 0 = s + s + c*s. Suppose s = -4*u + 51 + 5. What is the tens digit of u?
1
Let c(p) = -2*p**2 - 40*p - 33. Let z be c(-19). Suppose -z*q + 3*a + 8970 = 0, 0 = q - 3*a - 2486 + 680. What is the tens digit of q?
9
What is the tens digit of (4641/14)/(19/((-8170)/(-15)))?
0
Suppose 96*o + 150656 = 104*o. What is the ten thousands digit of o?
1
Suppose -3*t - 2 = 2*s - 3*s, 5*s - 90 = -5*t. Let c = -11 + 7. What is the tens digit of 16/(-8) - c*s?
5
Suppose 58 = 5*s + 4*h - 3*h, -h = -3*s + 38. Let q(d) = 2 - 12*d - s + 31*d + 43*d. What is the hundreds digit of q(4)?
2
Suppose 81*x = 24*x + 7581. What is the hundreds digit of x?
1
What is the tens digit of ((-6)/27)/(144/108) - 208706/(-12)?
9
Let m = 11738 - 11720. What is the units digit of m?
8
Suppose 2*s = 2*w + 14312, 14*s - 19*s - 4*w = -35843. What is the hundreds digit of s?
1
Suppose -3*x - 9 = -k, k - 4*k + 5*x = -47. Let d(r) = r**3 - 22*r**2 - 32*r - 85. What is the units digit of d(k)?
9
Suppose -136*v + 4428737 = -2562343. What is the units digit of v?
5
Suppose 6 = -2*i + 3*i. Let s be (-4 + i)/4 + (-262)/(-4). Let n = s - -90. What is the hundreds digit of n?
1
What is the units digit of (15/3 - 313)*2400/(-70)?
0
Let i be ((-72)/10)/((-2)/40*-4). What is the units digit of (-1*i/21)/((-10)/(-1680))?
8
Let i(t) = -3*t + 40. Let u(h) = -2*h - 2. Let y be u(-8). Let l be i(y). What is the units digit of (-1)/l + 57/6?
0
Suppose -91*y - 3*r - 12024 = -97*y, 2*y - 3*r - 3996 = 0. What is the hundreds digit of y?
0
Suppose -42*w - 5008 = -1102. Let l = w + 1097. What is the hundreds digit of l?
0
What is the tens digit of 15/(-20) - (9 - 2162830/40)?
6
Let w be (-6)/8 + (-99)/(-132). Suppose -4*i = g - 243, -4*g + 2*i + 534 + 510 = w. What is the tens digit of g?
5
Let d = 154 - 150. Suppose -2*f - 630 = -3*f + r, d*r = -3*f + 1862. What is the tens digit of f?
2
Let f(u) = -11*u - 10. Let p be 6/(-8) + (-11)/((-132)/549). Suppose -41 = -2*m - p. What is the tens digit of f(m)?
1
Let h be 1/(-2)*-3*(-8094)/(-171). Suppose 2*w = 2*k + 264, 4*w = -2*k + h + 469. What is the tens digit of w?
3
Let j(p) be the second derivative of p**4/12 + 5*p**3/6 + 19*p**2/2 - 6*p. Let g be 1*(-12)/(4 - 2). What is the units digit of j(g)?
5
Let h(y) be the first derivative of y**4/4 + 17*y**3/3 + 7*y**2/2 - 57*y + 113. What is the units digit of h(-16)?
7
Let g(l) = -35*l - 53. Suppose -6*v = -5*y - 7*v - 25, -17 = 3*y + v. What is the units digit of g(y)?
7
Let j = 8771 - 1333. What is the hundreds digit of j?
4
Suppose f - 35254 = -4*g - 1653, 8416 = g - 5*f. What is the hundreds digit of g?
4
Suppose 0 = -11*r - 9*r - 33*r + 2434449. What is the thousands digit of r?
5
Let l(n) = n**2 + 4*n + 2. Let b = 65 + -85. Let f = 13 + b. What is the units digit of l(f)?
3
Suppose -211*s + 2151051 = -64*s. What is the hundreds digit of s?
6
Suppose -20*l = 31278 - 163998. Suppose -2188 - l = -8*a. What is the units digit of a?
3
Suppose 5*z + 19*a - 24*a = 5625, -z + 5*a + 1145 = 0. What is the hundreds digit of z?
1
What is the ten thousands digit of (-253)/4807 - (-7)/(399/2219412)?
3
Let h = -45202 + 69584. What is the units digit of h?
2
Let d(z) = 4*z**2 + 48*z - 62. What is the tens digit of d(-22)?
1
Suppose -109*q + 119*q = 9860. What is the tens digit of q?
8
Let u = 7 + -1. Suppose -17 = 3*x - u*x + 4*z, 4*x = -3*z + 31. Suppose -x = -4*r + 3*r. What is the units digit of r?
7
Let o be ((-2)/4)/((-6)/(-48)) + 560. Suppose -b = 3*b, -2*w - 4*b = -o. What is the hundreds digit of w?
2
What is the ten thousands digit of (6/3)/6 + 36/54 + 33131?
3
Suppose 0 = 2*m - 5*m, 0 = 2*s - 0*s - m - 29268. What is the tens digit of s?
3
Let s(f) = -f**3 - 13*f**2 - 29*f - 102. What is the units digit of s(-21)?
5
Let q(x) be the third derivative of 3*x**5/20 + 5*x**4/24 - 2*x**3/3 - 3*x**2 - 19*x. Let n be -4 + (-1*2 - -2). What is the units digit of q(n)?
0
Suppose 0 = -4*g + 117 + 35. Let r(l) = -42*l + 3064. Let t be r(72). Let q = t - g. What is the units digit of q?
2
Suppose 0 = 5*c - 4*m - 603, -3*m - 353 + 942 = 5*c. Let j = 216 + c. What is the units digit of 1/(j/(-170) - -2)?
4
Suppose -3*o = -2*o - 5*z - 962, -5*o - 2*z + 4918 = 0. Let v be 18/90 - o/10. Let n = v + 105. What is the units digit of n?
7
Let t be 600/35 - (18/(-21) - -1). Let h be -8*(3 - 16/4). Suppose -h = 13*g - t*g. What is the units digit of g?
2
Let y be (-56024)/(-18) + 1*12/(-27). Let o = -1665 + y. What is the thousands digit of o?
1
Let a = -179 - -143. What is the tens digit of (-1717)/(-3) - (-12)/a?
7
Let w(k) = k**2 - 7*k + 18. Suppose 10 = 2*p - 18. Let v be w(p). Suppose -22*y - v = -23*y. What is the units digit of y?
6
Let s = -67 + 57. Let n be (6 + (3 - 4))*16/s. Let p(i) = 5*i**2 + 16*i + 5. What is the units digit of p(n)?
7
Let d = -224 + 394. Suppose 4*i + d = 438. Let s = 73 + i. What is the units digit of s?
0
Let f be (13/(-26))/((-1)/1348). Suppose 36*m = 35*m + f. What is the tens digit of m?
7
Let g(h) = 12341*h + 475. What is the hundreds digit of g(2)?
1
Let t = 74746 - 45662. What is the tens digit of t?
8
Suppose -14*x - 3*f = 1998 - 20129, -2578 = -2*x + 2*f. What is the hundreds digit of x?
2
Suppose -5*c = 5*o - 40, 5*c + 32 - 52 = -o. Let n(i) = 176*i + 251. What is the units digit of n(o)?
1
Suppose 2201*g = 2217*g - 144128. What is the thousands digit of g?
9
Let i = 12475 + -9579. What is the tens digit of i?
9
Let l(x) = -44*x**3 - 8*x**2 - 27*x - 42. What is the units digit of l(-5)?
3
Let n = 1 + 0. Suppose 154 = 1485*v - 1499*v. What is the units digit of (v/((-66)/348))/n?
8
What is the thousands digit of -1*((-42531)/(-9))/(8/(-24))?
4
Let t = 172 - 168. Suppose 5*s - t*x = 795, -4*x - x = 2*s - 351. What is the hundreds digit of s?
1
Let q be (-299)/(-3) + (-29)/(-87). Suppose -r = 4*r - q. What is the units digit of r?
0
Let m(h) = 2*h**2 - 5 - h**3 + 6 + 5*h**3 + 3*h. Let w be m(-1). What is the tens digit of 87 + w/8*4?
8
Let r = 16905 + -9047. What is the tens digit of r?
5
Suppose -282*u + 129*u + 243159 = -132*u. What is the tens digit of u?
7
Let g(f) = 73*f + 847. What is the units digit of g(48)?
1
Let w be 3/12*26 + 2/(-4). Let c(n) = 2 + w*n - 18 + 0 + 3*n. What is the tens digit of c(10)?
7
Suppose -3*v + 4*i + 4473 = 0, 2*i - 1771 = -2*v + 1211. Suppose 4*w - v = 477. What is the units digit of w?
2
Let r(q) = 2*q**3 + q**2 - 9*q + 5. Let v be (8/12)/(4/18). What is the tens digit of r(v)?
4
Let m be -5 + 1 + -6 + 7. What is the units digit of 0 + 0 + m + 624?
1
Let i(k) = -38*k + 49. Let w(q) = 7*q**3 - 3*q**2 + 2*q + 4. Let c be w(-1). What is the units digit of i(c)?
3
What is the thousands digit of (-9)/(-12) + (-40214662)/(-664)?
0
Let i = 433 - 424. Let x(p) = p**3 + 7*p**2 + 5*p - 67. What is the thousands digit of x(i)?
1
Let m be -60 - (-3 - 1 - -5). Let v = 50 + m. Let b(p) = p**2 + 8*p - 1. What is the tens digit of b(v)?
3
Let i = -3961 - -4674. What is the hundreds digit of i?
7
Suppose -30*j - 6172 = -4*f - 34*j, -2*f - j + 3081 = 0. What is the units digit of f?
8
Suppose 266*q + 113330 = 268*q + 2*m, -5*m - 20 = 0. What is the units digit of q?
9
Let p(i) = 18*i + 68. Let t be p(-6). What is the hundreds digit of (105/(-10) - 2)*t?
5
Let j(o) = -o**3 - 93*o**2 - 58*o + 275. What is the tens digit of j(-101)?
4
Let p(a) = 684*a**2 - 48*a - 208. What is the thousands digit of p(-4)?
0
Let n be 4/24 + 87/18. Suppose 2*b + 11*b - 39 = 0. Suppose -n*p - 4*k + 208 = 0, 2*p + 12 - 86 = b*k. What is the tens digit of p?
4
Let k = 15078 + -10640. Suppose 5*w = -30*o +